is 313212 - -210311000?
211230212
In base 8, what is -10013 - 30630?
-40643
In base 4, what is 103 - 3002320113?
-3002320010
In base 10, what is 436140 + 3124?
439264
In base 15, what is -4835 + -b?
-4841
In base 7, what is 146653 + -132?
146521
In base 15, what is -3877 + -bb1?
-4538
In base 2, what is 1010111100100011110111 + 1?
1010111100100011111000
In base 12, what is 1653b0 + 45?
165435
In base 7, what is 152164240 - -30?
152164300
In base 15, what is 7a7276b5 - -1?
7a7276b6
In base 4, what is 123 - -323230002230?
323230003013
In base 13, what is 14a9b3 - a?
14a9a6
In base 8, what is -6313426345 + 3?
-6313426342
In base 11, what is 104 - -681479?
681582
In base 9, what is -264 - -13222?
12847
In base 5, what is -1213112443 + 1?
-1213112442
In base 2, what is -111 - -100110010000110101110011?
100110010000110101101100
In base 2, what is 10 + 11011111111000011011010000?
11011111111000011011010010
In base 7, what is 230 - 23060310?
-23060050
In base 7, what is 20661 - -16366?
40360
In base 8, what is -4660672410 - -4?
-4660672404
In base 9, what is -142 + 4268337?
4268185
In base 9, what is 230234263 + 2?
230234265
In base 10, what is 148920 - 111?
148809
In base 7, what is -22250454 - -15?
-22250436
In base 7, what is 16340133 + 231?
16340364
In base 12, what is -2044 + 3686?
1642
In base 2, what is 11010101101001 + 1000010111100001?
1011101101001010
In base 16, what is -1 + ba94e7c?
ba94e7b
In base 7, what is -214 + -124140644?
-124141161
In base 16, what is -14 + 144570?
14455c
In base 16, what is 3c + -38c4c?
-38c10
In base 14, what is -1c + -114d8d0?
-114d90c
In base 11, what is -656 + 283093?
282538
In base 16, what is 348140 - -7?
348147
In base 4, what is -1103231101 - -201?
-1103230300
In base 12, what is -17b64 - -181?
-179a3
In base 13, what is 138 - 586b9?
-58581
In base 8, what is -1467457 - -14?
-1467443
In base 4, what is -323 - -1200320?
1133331
In base 9, what is 251 - 463687?
-463436
In base 5, what is -1 + -3120344142?
-3120344143
In base 9, what is -46 + 2638517?
2638461
In base 11, what is -5a56831 - 39?
-5a5686a
In base 10, what is -3685452 + 4?
-3685448
In base 4, what is -1302220001032 + 0?
-1302220001032
In base 13, what is c - bbb80?
-bbb71
In base 6, what is 24 - 5145101112?
-5145101044
In base 9, what is -55 + 44438?
44373
In base 7, what is -141323 - -143?
-141150
In base 2, what is -1001110101110111000001 + 11010111?
-1001110101110011101010
In base 7, what is -6052545546 + -5?
-6052545554
In base 16, what is -2 - 16ea4ad?
-16ea4af
In base 10, what is 5 - -1036893?
1036898
In base 3, what is -211121000020 - 2021?
-211121002111
In base 9, what is -4284633 - 8?
-4284642
In base 4, what is -112 + -1212321?
-1213033
In base 15, what is 181358 + -14?
181344
In base 10, what is -5 - 3595859?
-3595864
In base 7, what is 2631253 + -56?
2631164
In base 9, what is 500 - 325668?
-325168
In base 14, what is -301480 - -b9?
-3013a5
In base 4, what is 1002020 + 10113?
1012133
In base 8, what is -2341 + -723112?
-725453
In base 9, what is 1 - 12606145?
-12606144
In base 16, what is c1 + -64a09?
-64948
In base 14, what is 0 - -75c1d2?
75c1d2
In base 14, what is 4 - 81ac8?
-81ac4
In base 8, what is 15530546 - 12?
15530534
In base 11, what is 0 + 1467003?
1467003
In base 14, what is -47dc0 - -48?
-47d76
In base 7, what is -11 - -150464552?
150464541
In base 10, what is 747 - 404666?
-403919
In base 16, what is 2d + -f759cc?
-f7599f
In base 14, what is -57 + 2ad32?
2acb9
In base 7, what is -332041163 - -1?
-332041162
In base 7, what is 3 - -3121051251?
3121051254
In base 12, what is 3156b - 33b5?
2a176
In base 8, what is 41 + 41442742?
41443003
In base 14, what is 95850 - 7?
95847
In base 5, what is -10144 + -411012?
-421211
In base 14, what is -9a09 - 131a?
-ad25
In base 7, what is 36 + 1156653430?
1156653466
In base 15, what is 321d4e - d?
321d41
In base 4, what is 213231310 - -131?
213232101
In base 4, what is -31 + 2230202121?
2230202030
In base 11, what is 16533 + 3521?
19a54
In base 13, what is 618876 + -12?
618864
In base 9, what is 280883 - 2222?
277661
In base 7, what is 0 - -22101656?
22101656
In base 5, what is 233322323323 + -14?
233322323304
In base 9, what is -36725 + 516?
-36208
In base 5, what is 4024123 - -2413?
4032041
In base 4, what is 22022 + 231333120?
232021202
In base 13, what is -3 - -3b18b25?
3b18b22
In base 3, what is 102211000101222012 + -2?
102211000101222010
In base 13, what is 67a53 + -51?
67a02
In base 5, what is 33401201 + -2311?
33343340
In base 13, what is 1 + -14750204?
-14750203
In base 7, what is 360153143 - -2?
360153145
In base 11, what is 9 - 8481124?
-8481116
In base 13, what is 325 - -19038?
19360
In base 8, what is 3767611 - 554?
3767035
In base 9, what is 74 - 171818?
-171734
In base 15, what is -51e - 20e?
-72d
In base 8, what is -4 + -646376645?
-646376651
In base 5, what is -43 + -234111403?
-234112001
In base 8, what is 37417 - 14225?
23172
In base 14, what is 12725 - c76?
1188d
In base 12, what is -7a56ba26 - 2?
-7a56ba28
In base 16, what is -78a23 - 20?
-78a43
In base 4, what is -21012 - -22220?
1202
In base 3, what is -1200020200022102 + 2?
-1200020200022100
In base 6, what is -2340 + -441144?
-443524
In base 7, what is -1526 + -1166130?
-1200656
In base 3, what is 1112 + -10101102121?
-10101101002
In base 10, what is 54820 + 248?
55068
In base 2, what is 11011001011111000100 - -1010010100?
11011001101001011000
In base 16, what is 20f6 - 1fa4?
152
In base 4, what is 1 - -2312110201213?
2312110201220
In base 10, what is -343 - -73646?
73303
In base 9, what is 12018260 - 3?
12018256
In base 15, what is -10 + 12bdd?
12bcd
In base 3, what is 112222010222000 - -11?
112222010222011
In base 16, what is -1 + 8629266?
8629265
In base 6, what is 3 - -3220215411?
3220215414
In base 8, what is 340 - 70014?
-67454
In base 6, what is -40 + 23010444?
23010404
In base 14, what is -6b27ac9 + -8?
-6b27ad3
In base 8, what is 4 + 60110221?
60110225
In base 6, what is -1200230 - -120245?
-1035541
In base 7, what is -41 + -5224521?
-5224562
In base 11, what is -355061a + 0?
-355061a
In base 16, what is -16 + -1a74e3?
-1a74f9
In base 3, what is -2021220020211 - 112?
-2021220021100
In base 10, what is -6 + -19480697?
-19480703
In base 12, what is 821846 - 2?
821844
In base 7, what is -64354 + -22504?
-120161
In base 13, what is -3a21 - 2522?
-6243
In base 11, what is -1552 + -148162?
-149704
In base 10, what is 11 - 283394?
-283383
In base 3, what is 1111 + 11121000021121?
11121000100002
In base 12, what is -2570 + -11223?
-13793
In base 13, what is -519c - -933?
-4569
In base 5, what is 231401 - 242134?
-10233
In base 9, what is 1018264 - 427?
1017736
In base 13, what is -2 + -4141b?
-41420
In base 5, what is -314334001112 + 10?
-314334001102
In base 3, what is 202102011 - 200020001?
2012010
In base 9, what is 15474724 - 3?
15474721
In base 13, what is -8998b55 - -b?
-8998b47
In base 4, what is -10 + 13220021103103?
13220021103033
In base 8, what is -2455502 - -17?
-2455463
In base 12, what is 13ba9 + 1132a?
25317
In base 10, what is 5377 - -1530?
6907
In base 5, what is 33 + 33222332?
33222420
In base 13, what is -3574 - -994?
-28b0
In base 15, what is -3 + -1b8ecd24?
-1b8ecd27
In base 13, what is 1913 - -b70?
2783
In base 4, what is -13133031 + -3313212?
-23112303
In base 5, what is -10 - 40020312403?
-40020312413
In base 8, what is 3706 + 1446?
5354
In base 12, what is 4 - 535bb89?
-535bb85
In base 13, what is -2 + -29b7c09?
-29b7c0b
In base 2, what is 1 - 11010101100111010101011?
-11010101100111010101010
In base 14, what is -1 - -7d309c?
7d309b
In base 2, what is -111111100100111010111 - -100?
-111111100100111010011
In base 10, what is 30 - 48845?
-48815
In base 4, what is 21 + -131133012122?
-131133012101
In base 13, what is -160cb - -95b?
-15470
In base 7, what is 432403 - -233?
432636
In base 13, what is 18370 + -8c?
182b1
In base 7, what is -1144510 - -12?
-1144465
In base 8, what is -3425476 - 7?
-3425505
In base 6, what is 323 + -34220415?
-34220052
In base 14, what is ab - -9732?
97dd
In base 7, what is -1023 + 13331650?
13330624
In base 5, what is -423 - 33233213?
-33234141
In base 5, what is 100 + -2430430342?
-2430430242
In base 6, what is -231 - 210343103?
-210343334
In base 13, what 